. What is d(p)?
-6
Let r(f) = -9*f**3 - 7*f**2 - f + 12. Let a(h) = 97*h**3 + 77*h**2 + 12*h - 129. Let l(m) = 4*a(m) + 43*r(m). Let k be 0 + (-6)/(1 + 0). Calculate l(k).
6
Let u(l) be the first derivative of -1/3*l**3 + 0*l**2 - 19/2*l**4 - 91 + l. Give u(1).
-38
Let g(f) = -12*f**3 + 0*f**2 - 11*f + 11*f**3 + 7 + 2 + 8*f**2 + 4*f**2. Suppose 10*s + 132 = 22*s. Give g(s).
9
Suppose -3430 = 17*j - 10*j. Let s = -498 - j. Let v(i) = i**3 + 9*i**2 + 12*i + 7. Determine v(s).
-25
Let t = 80 - 84. Let o be (-4)/(-18) - (t - (-332)/36). Let c be (-8 - o)/(-2 + 1). Let w(r) = r**3 - 2*r**2 - 2*r - 3. What is w(c)?
0
Let n(x) = 6*x + 13. Suppose 342*t = 1806 - 2193 - 2691. Calculate n(t).
-41
Let n(d) = -2624*d - 2829. Let x(k) = 43*k + 46. Let r(t) = 2*n(t) + 123*x(t). Determine r(-1).
-41
Let y(g) = 36*g - 217. Let c(a) = -9*a + 42. Let o(i) = 9*c(i) + 2*y(i). Determine o(-7).
7
Let w(b) = 4*b - 6. Let r(d) = 3*d - 5. Let l(a) = -5*r(a) + 4*w(a). Let u(c) = c + 7. Let n be u(11). Suppose -n = 4*f - 2*f. Calculate l(f).
-8
Let a(c) = 21*c - 1 + 21*c + 49 - 25*c. Determine a(-3).
-3
Let s(x) = -6*x + 9*x - 30*x**2 - 18 + 22 + 56*x**2 - 7*x. What is s(1)?
26
Let p be (27/(-6))/(6/8). Let v(q) = -6*q**2 + 3*q + 15. Let d(r) = -r**2 + 2*r + 3. Let i(u) = 5*d(u) - v(u). Determine i(p).
-6
Let f be (1 + 0)*-4*120/32. Let m be 1/(-4 - f/4). Let u(s) be the third derivative of s**4/12 + s**3/3 + 17*s**2. Give u(m).
-6
Let p(f) = -2*f**2 - 22*f + 52. Let s = 11962 + -11960. Determine p(s).
0
Let q be (-18)/((-10)/5)*16/(-3). Let r = 57 + q. Let b(h) = -2*h**3 + 3*h**3 + 8*h + 2 + 6 - 10*h**2. Determine b(r).
-1
Let n(l) be the second derivative of -l**5/20 - l**4/4 + l**3 + 2*l**2 + 168*l. Let s = 107 - 111. Determine n(s).
-4
Suppose 0 = 4*g - 5*g + 4. Suppose 0 = -g*q + 11 - 3. Let j(l) = -27*l - 2 - 28*l + 58*l. Calculate j(q).
4
Let x(o) = -3*o**3 - 13*o**2 + 9*o + 9. Let q(v) = -4*v**3 - 20*v**2 + 10*v + 15. Let i(m) = 2*q(m) - 3*x(m). Calculate i(4).
23
Let l(n) = -21 - 2*n + 23 - 5 - 8. Determine l(10).
-31
Let m(f) = 9*f**2 - 1. Let w(o) = -37*o**2 - 75*o + 8. Let g(c) = 4*m(c) + w(c). Calculate g(0).
4
Suppose 45 = -5*s, 5*n - 74*s + 69*s - 15 = 0. Let k(q) = 5*q**2 - 4*q - 3. Calculate k(n).
201
Let w(t) = -t**2 + 5*t. Suppose 13*o - 9*o - 3*v - 445 = 0, -o + 94 = 5*v. Suppose -9*d = 64 - o. Calculate w(d).
0
Let d be (-1 - 0)*0/(14 - 21). Let z(c) = -3*c**2 + c - 2. Give z(d).
-2
Let q(p) = 72*p - 15 + 16 - 17*p + 3 + 0. Calculate q(-1).
-51
Let o(y) = y**3 - 3*y**2 - 12*y + 4. Let r be o(5). Let i be 119/34 - 3/r. Let t(c) be the first derivative of -c**4/4 + 5*c**3/3 - 2*c - 1. What is t(i)?
14
Let r be 12*(-6)/4*(-23)/46. Let j(o) = -4 + 2 + r*o**2 + 6 - o**3 + 7*o - 13*o. What is j(8)?
20
Let y(a) = -a**3 + 5*a**2 + 2*a + 14. Let t = -2022 + 2028. What is y(t)?
-10
Let i(z) = z - 3. Suppose -b - 3*b = 0. Let n be -7 - (-9 + (-8 - -6)). Suppose -n*x - 3*d = -19 - 14, -4*x - d + 35 = b. Give i(x).
6
Let h(j) be the first derivative of 2/3*j**3 + 3/2*j**4 + 50 + j - j**2. Let v = 4 + -3. Determine h(v).
7
Let z(m) = -m**2 - 3*m - 1. Let v(k) = 52 - 11 + 7*k - 9*k. Let x(g) = 4*g - 83. Let d(y) = -9*v(y) - 4*x(y). Let n be d(18). Calculate z(n).
1
Let o(l) = -4316 + 8547 + 5*l - 4228. Calculate o(16).
83
Let a(l) = l**2 + 452*l + 38982. Let y be a(-336). Let r(s) = -4*s + 3. Let h(u) = 13*u - 9. Let v(q) = 4*h(q) + 14*r(q). Calculate v(y).
-18
Let q(s) = 1. Let h(t) = t + 7. Let a(f) = -h(f) + 2*q(f). Let g(b) = b**3 + 7*b**2 - 51*b - 82. Let i be g(-11). What is a(i)?
0
Let o(i) = -i**3 + 11*i**2 + 3*i - 19. Suppose -4*a - 67*b + 69*b = -50, -b = 3. Determine o(a).
14
Let m(h) be the second derivative of h**5/10 + h**4/4 - h**3/6 - h**2 - 97*h. Let o = -26 - -24. Determine m(o).
-4
Let o be 4*(3 - (-2 - (-51)/12)). Let f(v) = -2*v**3 + 3*v**2 - 6*v + 3. Let j(x) = 3*x**3 - 2*x**2 + 6*x - 1. Let y(l) = o*j(l) + 4*f(l). Calculate y(-7).
2
Let v be (-52)/(-14) + 4/14. Let u(o) = v*o**2 + 4*o**3 + 31*o - 3*o**3 + 1 - 28*o. Let a(h) = 36*h + 645. Let l be a(-18). Give u(l).
1
Let o(a) be the first derivative of 0*a**3 - 1/4*a**4 + 0*a**2 - 52 - 9*a. Give o(0).
-9
Let q(w) = -15*w + 9. Let o(i) = -7*i + 4. Let v(j) = -13*o(j) + 6*q(j). Let z(t) = 5*t**2 - 23*t - 12. Let x be z(5). Give v(x).
0
Let r(f) = -f - 7. Let i be (3/6)/(2/6)*-38. Let k = i + 102. Suppose -7*p - k = 2*p. Calculate r(p).
-2
Let a = 218 - 219. Let l be (72/(-60))/(a*(-6)/(-20)). Let v(w) = -w**3 + 2*w**2 + 10*w - 9. Give v(l).
-1
Suppose -5*v = -z - 7*v + 16, 0 = 3*z - 5*v - 37. Suppose -14 = 4*h - z. Let c(o) = -o + 3. Determine c(h).
3
Let m(a) = -2*a**2 + 0*a**2 + a**2 + 1 + 2*a**2 + 4*a. Suppose -2*j = -2*j + 4*j. Suppose j = 7*z - 156 + 170. Determine m(z).
-3
Let u(y) = 7*y + y**3 - 6*y - 5*y - 40549*y**2 + 3 + 40553*y**2. Let f = -3 - 1. What is u(f)?
19
Let k(o) = o**2 - 19*o + 98. Let t be k(6). Suppose t = -2*w + 5*w + 4*p, 5*w - p = -5. Let y(g) = g**2 - 2*g - 2. Determine y(w).
-2
Let d be (46 - (-23 + 45)) + -11. Let x(y) = -2*y**2 + 28*y - 21. Give x(d).
5
Suppose -2*f = -2*k - 54, k = 420 - 416. Let o be 2 + (0/2 - -1). Let r(s) = 3*s**3 + s**2 - 6*s**o - 12*s**3 + f*s**3. Determine r(1).
17
Let x(o) = -o - 5. Suppose -9*j + 36 = 3*j. Let m be (-124)/(-44) + 2/11 - j. Suppose k + 11 - 6 = m. Calculate x(k).
0
Let y(m) = -3*m**2 + m. Let l be ((-50)/(-20) + -2)*1*50. Let z = -35 + 9. Let a = z + l. What is y(a)?
-4
Let u(f) = -5 - 7*f - 11 - 15 + 25. Let s be u(-5). Suppose -19 = 5*c + 4*o - 49, -2*c - 5*o + s = 0. Let i(b) = 5*b - 3. Give i(c).
7
Let t(p) be the first derivative of -5*p**2/2 + 110*p - 2635. Give t(19).
15
Let d(u) be the first derivative of u**3/3 - 3*u**2 - 7*u + 2. Suppose -144*j - 189 = -151*j. Suppose -42 = -4*x + 2*c - 10, -5*x - 4*c = -j. Determine d(x).
0
Let f(l) = l**3 - 5*l**2 + 2*l - 2. Let p be f(5). Suppose -p*w + 15 = -17. Let u(i) = -5*i**3 + 0*i + 4*i**3 + 2*i**2 + 3*i + 0*i**2. Calculate u(w).
-20
Let a(v) = -2*v**2 - 6*v + 8. Suppose 25*j + 38 = 638. Suppose -m = -3*m + 8, 5*k - m + j = 0. What is a(k)?
0
Let i = 181 - 169. Let d(k) = 13*k - 24*k + i*k + 4. Calculate d(5).
9
Let g(h) = -8*h + 86 - 24 - 26 - 29 - 1428*h**2 + h**3 + 1423*h**2. What is g(6)?
-5
Suppose -16*x + 6 + 42 = 0. Let m(b) = x*b + 15 + 20 - 51 + 11 + 13. Determine m(-4).
-4
Let k(f) = 2*f**3 - 93*f**2 + 45*f + 41. Suppose -4*x - 7*i + 5*i = -174, 0 = 5*i + 25. Calculate k(x).
-5
Let y(b) = 11*b - 33*b + 2 + 13*b + 13*b. Let p(z) be the second derivative of z**3/6 + z**2/2 + z. Let w(h) = 7*p(h) - 2*y(h). Calculate w(-3).
6
Let j(w) = w**3 + 12*w**2 + w + 27. Let p be j(-12). Let k(t) = -17 + t**2 - 8*t + t + p. What is k(8)?
6
Let g(n) = n**3 - n**2 - 7*n - 2. Let w(h) = -h**3 + h**2 + 5*h. Let d(y) = 2*g(y) + w(y). What is d(-2)?
2
Let h(y) be the third derivative of -y**6/144 - y**5/60 - 295*y**4/24 + 20*y**2 + 2. Let j(l) be the second derivative of h(l). What is j(7)?
-37
Let h(i) be the second derivative of i**7/840 + i**6/30 - i**5/8 - 5*i**4/24 + 5*i**3/2 - 84*i - 2. Let s(b) be the second derivative of h(b). What is s(-13)?
21
Let h = -334 + 347. Suppose -f + 21 = h. Let a(g) = -g**3 + 7*g**2 + 6*g + 11. Give a(f).
-5
Let w(f) be the second derivative of 113*f + 6755*f**3 - 6753*f**3 - 27*f. Give w(1).
12
Let h(u) be the first derivative of u**4/4 - 13*u**3/3 - 8*u**2 + 30*u - 892. What is h(14)?
2
Let p(l) = -l**3 + 6*l**2 + 7*l - 5. Let x be p(7). Let s = x + 9. Let g(r) = -32*r + 29*r - 519*r**2 + 520*r**2. Give g(s).
4
Suppose -5*x - 5*h = -1805, -x + 407 - 52 = -2*h. Let k = x + -356. Let w(i) = i**2 - i + 4. Give w(k).
10
Let r(l) = -11*l - 1 + 1 - 4*l + 2*l + 2. Give r(3).
-37
Suppose f = 4*r - 8, -21*f + 2 = r - 16*f. Let i(m) = r*m - 1 - 6 + 3 - 6. Calculate i(-8).
-26
Suppose 5*i - 39 = -8*i. Let b(t) = -431*t**3 - 442*t**i + 881*t**3 - t**2. Calculate b(-1).
-9
Let u = 210667 + -210675. Let f(n) = -n**2 - 11*n + 10. Let w(g) = g**2 + 10*g - 9. Let a(y) = 4*f(y) + 5*w(y). Give a(u).
11
Suppose -3*u + 0*u = 12, 0 = 2*n - u + 102. Let x = 57 + n. Let z(y) = -x*y + 5 - 7*y - 16 - 21*y**2 + 22*y**2. Give z(12).
1
Let v(j) = 20*j**2 + 109*j + 7. Let q(p) = -11*p**2 - 61*p - 4. Let y(f) = -11*q(f) - 6*v(f). What is y(-17)?
2
Let v(y) = 114 + 